 -2 - -3)?
4
What is the value of -3 + 2 + -3 + 0?
-4
What is the value of 12 + -5 - (5 - (-1 - -2))?
3
What is -20 + 18 + (0 - 0 - 2)?
-4
(6 + 1 + -2 - 2) + 1
4
-2 - -7 - (-4 - -2 - -8)
-1
-3 + -5 + 4 - -7
3
Evaluate 3 + (-3 - -5 - 7) + 3.
1
What is 6 + 1 + -9 - (1 + 0)?
-3
Calculate (6 - (4 - 0)) + 3.
5
Evaluate 13 - 11 - (1 + 4).
-3
Evaluate 5 + 4 + -16 - -9.
2
6 + (-6 - (4 - 3))
-1
Evaluate (2 - -8 - 4) + (0 - 1).
5
What is the value of 2 - 3 - -3 - (2 - -1)?
-1
Evaluate 10 + -5 + (-1 - 7).
-3
Calculate 1 - (3 + 4 + (13 - 14)).
-5
(-38 - -35) + (0 - (2 + 4))
-9
Calculate 6 + 0 + -7 + 4 + -1.
2
What is 1 + ((8 - 0) + -8 - 2)?
-1
(4 - -1) + (-30 - -20)
-5
Evaluate 6 + 4 + -14 + 1 - 5.
-8
What is 8 - (16 + (-8 + 15 - 6))?
-9
Calculate -16 + 8 + -12 + 25.
5
What is the value of -11 + -7 + 17 + 8?
7
What is -5 - (-2 + 2 + (2 - 4))?
-3
Calculate 4 + 0 + 45 + -51.
-2
Evaluate -3 + (1 - 3) + 2 + 2.
-1
0 + 7 + (-6 + -1 - -3)
3
1 + 2 - (7 + -7)
3
Calculate -9 - -2 - (0 - (25 + -10)).
8
Calculate -10 + 8 - 4 - -8.
2
What is the value of -6 - (-7 + (-7 - -5))?
3
Calculate 6 + (-19 - -10 - -10).
7
Evaluate 2 + 5 + -6 + 1 + -1.
1
Evaluate 2 + -3 - -7 - (28 + -19).
-3
-1 + (2 - -4) + -11
-6
Evaluate 0 - (2 - (-7 + (-3 - -6))).
-6
Calculate (2 - 0) + (-34 - -28) - -7.
3
What is the value of (1 - (1 - 4) - 0) + -1?
3
Evaluate (-7 + 1 - (-8 - 4)) + 3.
9
What is (6 - 6) + (-4 - 1)?
-5
Evaluate -2 + -1 - (-7 + -1).
5
Evaluate (-3 - -13) + -1 - 14.
-5
What is (-5 - -10 - 2) + -7 + 5?
1
Evaluate 1 - -6 - (-82 + 87).
2
Calculate -4 - (-17 + 6 - -2).
5
Evaluate (-3 + 0 - -2) + 5.
4
What is the value of -2 - (1 - (0 + 3)) - 2?
-2
What is the value of 6 + 5 + -20 + 9?
0
Calculate (8 - 10) + (-3 - -2).
-3
What is 3 + (0 - 4 - -3) + 6?
8
What is the value of (8 - 13) + 1 + 0?
-4
What is the value of (7 - 3) + 9 - 8?
5
What is 6 - ((-11 - -5) + (-1 - -11))?
2
What is the value of -5 + (-2 - (-8 - (-2 - -7)))?
6
What is the value of 3 + -2 + 7 + -3?
5
0 - (-4 + 4) - -3
3
(-5 - (11 - 12)) + 12
8
Calculate 10 + -17 - -4 - -4.
1
What is -1 - (6 + (6 - (-6 - -17)))?
-2
Evaluate 1 + -7 + 7 + -2.
-1
Evaluate -5 + -4 - -2 - 0.
-7
What is (-3 - -2) + (7 - 5)?
1
3 - -9 - 9 - -5
8
What is (-5 - (6 + -7)) + -2?
-6
(10 - 14) + 2 + 1
-1
What is -4 + 8 - (-2 - -1)?
5
Calculate -16 + (6 - -5) + 0.
-5
3 - (1 - 4) - (4 + -2)
4
1 + (-11 + 10 - -7)
7
Calculate 3 + -3 + 1 + 1 + -5.
-3
6 - (-2 - -2 - -12)
-6
Calculate (-10 - -22) + (9 - 18).
3
0 + -2 + (-14 - -10)
-6
What is the value of -2 - -2 - (3 - 3 - -6)?
-6
What is -7 + 10 + (3 - (1 - -2))?
3
-5 + -2 + (0 - -10)
3
What is the value of (-1 + 1 - (4 + -2)) + -1?
-3
Evaluate 1 + 0 + (-1 - 4).
-4
What is the value of -8 - ((-4 - -9) + -9)?
-4
What is the value of 3 + 6 + (-4 - 0) - 7?
-2
What is the value of 1 + (-2 + 13 - 19)?
-7
Evaluate 2 + -7 + 3 + 4 + 0.
2
What is the value of (17 - (-1 - -16)) + -1 + -1?
0
What is 2 - (-1 - (0 - 3))?
0
What is the value of -1 - 1 - (-2 - (6 - 12))?
-6
What is the value of 4 + (0 - -6) + -14 - 1?
-5
What is the value of 0 + 3 + 3 + -9?
-3
2 + ((1 - -2) + -2 - -1)
4
Evaluate (-4 - 3 - -2) + (-8 - -7).
-6
What is the value of 3 + 1 + -1 - (4 + -3)?
2
Evaluate (6 - 17) + (5 - -6).
0
Evaluate -16 + (-4 - -12) + 13.
5
Evaluate (-3 - (2 + -2 + -7)) + -1.
3
Evaluate (4 - 1) + (-2 - 3) - 0.
-2
Evaluate 2 - ((1 - 0) + (-13 - -20)).
-6
What is -9 + -3 + 4 - -3 - -2?
-3
Calculate -2 + (-1 + 10 - 9).
-2
Calculate (-3 - (-2 + -2)) + 4.
5
What is 1 - -5 - (13 - 6)?
-1
Evaluate 0 + 5 - (-22 + 30).
-3
What is the value of -13 - -1 - -8 - (0 - 1)?
-3
Calculate 3 - 4 - (-15 + 12).
2
Evaluate 0 - (-3 + 0 - (-2 - 2)).
-1
Calculate 2 + 2 + -1 + (-2 - -3).
4
What is the value of 3 + -1 - -1 - (10 + -3)?
-4
Calculate -5 + 10 + -7 + -5.
-7
Evaluate -3 - (-1 - (-3 + 2)).
-3
Evaluate -6 + (-1 - -1) - (1 - 4).
-3
Calculate 5 + 1 + (-39 - -28) + 2.
-3
What is the value of 0 - (-6 + -1) - (0 - -2)?
5
-1 - ((3 - 3) + -2)
1
2 - (3 - (0 - 3))
-4
Evaluate (-10 - 1) + -8 + 21 + -8.
-6
What is the value of -3 - (-4 - 4 - -2)?
3
What is the value of 0 - (-4 + 2) - (3 - 0)?
-1
What is (6 - (-5 + 14) - 3) + 7?
1
Calculate 15 + (-11 - -10 - 6).
8
Evaluate -4 - (3 - (0 + 5)).
-2
What is (7 - 4) + 6 + -10?
-1
What is the value of (6 - (7 + -3)) + -6?
-4
Calculate -1 + 2 + (-1 - -5).
5
-1 + 6 - (0 - -4) - 4
-3
-5 + 10 - (7 - 3)
1
5 - (-4 + 10 + (4 - 5))
0
Evaluate -3 - ((-10 - -1) + 0).
6
What is 5 + (-1 - 1) + 40 + -39?
4
What is (0 - (-1 - 5)) + -2?
4
What is (-4 + -1 - 0) + 11 + -5?
1
What is the value of 0 - (1 - -1) - 0?
-2
-6 - (-4 - (9 + -6)) - -6
7
What is 0 + 5 + 0 + -3 + -4?
-2
What is the value of 3 - (-8 + 4 - -8)?
-1
What is (5 + -3 - (-1 + 3)) + -2?
-2
What is 0 + (5 - 5) + (-3 - -1)?
-2
What is the value of 6 - ((5 - (-2 + -3)) + 3)?
-7
Evaluate -4 + -5 + 0 - -8.
-1
Calculate (0 + -2 - -1) + -59 + 57.
-3
What is the value of 2 - (-2 - (-2 - 4))?
-2
What is 4 + -2 - 8 - (5 + -9)?
-2
Evaluate -4 + (1 - 3) + 5 + 6.
5
Evaluate (-11 - -9) + (1 - (1 - 4)).
2
Evaluate 2 + (-1 - (4 + -1 + -1)).
-1
Evaluate -1 - (14 + -6) - -1.
-8
Evaluate 65 + -62 + (-3 - 1).
-1
Evaluate 7 - (10 - -2) - 1.
-6
Calculate -5 + (2 - (5 + 4)) + 4.
-8
What is (-3 - (-6 + 3)) + -3?
-3
What is -6 + (-2 - -1) + 14 + -9?
-2
Calculate 0 + (1 - 3 - (0 - 2)).
0
What is the value of (-5 + 2 - -6) + -4 + 3?
2
What is 22 + -14 + (4 - 4)?
8
Calculate (-207 - -214) + (2 - 1) + -4.
4
Evaluate 0 - -2 - (1 + 0).
1
3 + (-4 + 7 - (0 + 4))
2
Evaluate -9 + 7 - (-1 + -3).
2
(2 - 4) + (-3 + 6 - 5)
-4
Calculate 6 + (9 - 21 - 0).
-6
What is the value of 5 + -26 + 19 + 0 + 2?
0
Calculate (2 - 4 - (-1 - 0)) + -3.
-4
What is the value of (-6 - -10) + (0 - 9) + 3?
-2
Evaluate 16 - (-12 + 9 - -11).
8
What is -6 - (-2 + 6 + -5)?
-5
Calculate 2 + -5 + (9 + -6 - 2).
-2
What is (-6 - (4 - 10)) + 2 - 5?
-3
Evaluate 8 + -2 + 3 + 2 + -6.
5
What is (4 - (-1 - -3)) + -6?
-4
What is the value of -1 + (5 + -9 + -6 - -7)?
-4
-1 + 1 - (5 + -7)
2
What is -1 + (4 + 2 - 9)?
-4
What is the value of (3 + 2 - 1) + -5 - 3?
-4
Calculate (6 - (0 + 3)) + -5.
-2
What is (5 + -3 - 3) + -7?
-8
What is -8 + 11 - (-2 + 2) - 3?
0
Calculate -11 + 14 - -12 - 13.
2
Calculate 1 - -1 - (-2 + 2 - -1).
1
What is the value of -5 + 20 + -8 + 0 + -1?
6
What is the value of 4 + (4 - 12) - -2 - -7?
5
Evaluate 5 + (-4 - (-4 - -6)).
-1
Calculate -2 - -4 - (5 - 1) - -1.
-1
-3 - (3 - (-1 - (-3 + -5)))
1
Calculate (0 - (-1 + 0)) + 296 + -301.
-4
What is the value of 7 - (21 + -4 + -4)?
-6
What is -4 - (20 + -31 - (1 - 4))?
4
Evaluate -1 - ((-4 - (-2 + 0)) + -1).
2
What is -7 + (8 - 3) + -3?
-5
Calculate -4 - (1 - -3 - (20 - 7)).
5
Evaluate -10 + (1 - -1) - -5.
-3
What is the value of -9 + (-5 - -11) + 1 + -2?
-4
Evaluate 7 - 6 - (-9 + 11).
-1
What is the value of -53 + 52 - (-1 + -1 - 4)?
5
-1 + -1 + 1 + -1 + -2
-4
-1 - (3 - 4) - (0 + -5)
5
0 + -5 + 0 + (13 - 8)
0
What is (-1 - -8) + (-13 - (-15 + 7))?
2
What is the value of (8 - (6 - 2)) + -9?
-5
What is the value of 12 - (10 + -9 - -1)?
10
What is the value of -10 - -7 - (3 + (0 - -1))?
-7
Evaluate 8 + 2 + (3 - 8) + 0.
5
What is the value of 2 - ((3 - -5) + -2 + -2)?
-2
Evaluate 4 + -1 - 8 - -3.
-2
What is -7 + 2 + 2 - -6 - 6?
-3
Calculate 2 + 5 - (8 + (-2 - -3)).
-2
Calculate (-9 - -4) + (8 + -14 - -7).
-4
What is -7 + 7 + 7 - 5?
2
What is (-12 + 31 - 9) + (0 - 3)?
7
Calculate 13 - ((6 - 7) + (-2 - -8)).
8
Calculate (3 - 0) + (-3 - 5) + 3.
-2
What is (1 + 1 - 0 - -1) + -4?
-1
What is the value of 7 + -10 + (5 - 2 - -1)?
1
Calculate (8 - 10) + 6 - 4.
0
What is the value of 4 - (2 - (-4 + 3)) - 4?
-3
What is the value of -8 - (1 - (6 + 0 + -2))?
-5
What is the value of 1 - (-1 + -3) - 4?
1
What is 1 + 4 + (1 - 3) + -2?
1
What is the value of 3 + (-4 + 3 - 0) - -1?
3
What is -3 + 7 + -1 - (3 - 2)?
2
-1 - (-2 + 7) - -6
0
-3 + 8 + -15 + 4 + 13
7
5 + -4 + -1 + 0
0
-1 + (4 - (-1 + -6)) + -5
5
Calculate (-9 - -15) + (2 - 1).
7
Calculate 5 + -4 + -3 - (1 + 2).
-5
11 - (6 + -1 - 2) - 8
0
Calculate 1 + 2 + -3 + -4 + -5.
-9
Evaluate 4 + (2 - 5) - 1.
0
Calculate -4 + (2 - (-11 + 5)).
4
What is the value of -3 - -6 - -1 - 9?
-5
What is 14 + -15 - (-11 + 3)?
7
What is the value of (4 - 1) + 0 + -1 - -1?
3
What is the value of 1 + (18 + -2 - 14)?
3
Calculate 17 + -18 - (2 + -1 + 0).
-2